?
False
Does 185 divide 395583?
False
Does 536 divide 2001960?
True
Is 77 a factor of 7747504?
False
Does 435 divide 6609825?
True
Is 29 a factor of 31349?
True
Is 3 a factor of 16093?
False
Does 7 divide 292684?
True
Does 9 divide 6074577?
True
Is 131440 a multiple of 310?
True
Does 209 divide 622148?
False
Does 16 divide 58620?
False
Is 2591058 a multiple of 322?
False
Is 358893 a multiple of 19?
False
Does 71 divide 28045?
True
Is 786 a factor of 1124766?
True
Is 30 a factor of 3108510?
True
Does 53 divide 7524675?
True
Does 30 divide 241200?
True
Does 14 divide 67752?
False
Is 140899 a multiple of 268?
False
Is 69148 a multiple of 125?
False
Is 2004310 a multiple of 190?
True
Is 4561641 a multiple of 87?
False
Is 11 a factor of 16128?
False
Is 301576 a multiple of 184?
True
Is 4426996 a multiple of 709?
True
Is 8471288 a multiple of 7?
True
Is 155036 a multiple of 98?
True
Does 11 divide 2632754?
False
Is 2140640 a multiple of 40?
True
Is 43 a factor of 20130?
False
Does 9 divide 169478?
False
Does 258 divide 2819503?
False
Does 6 divide 389542?
False
Is 120015 a multiple of 127?
True
Is 63 a factor of 8850033?
False
Is 23 a factor of 103852?
False
Does 57 divide 4586220?
True
Is 329 a factor of 452399?
False
Is 5146058 a multiple of 11?
False
Does 14 divide 106806?
True
Is 142 a factor of 2472550?
False
Is 36 a factor of 547308?
True
Is 1824 a multiple of 12?
True
Is 16901 a multiple of 2?
False
Is 4564255 a multiple of 91?
False
Is 139326 even?
True
Is 150 a factor of 302323?
False
Is 998912 a multiple of 15?
False
Does 13 divide 653588?
True
Is 49977 even?
False
Does 13 divide 2629705?
True
Is 45145 a multiple of 372?
False
Is 52133 a multiple of 34?
False
Is 216 a factor of 856872?
True
Does 143 divide 262977?
True
Is 20 a factor of 705780?
True
Is 217928 a multiple of 51?
False
Is 1287047 a multiple of 25?
False
Is 2059277 a multiple of 167?
True
Does 3 divide 33396?
True
Is 560050 a multiple of 17?
False
Does 555 divide 792540?
True
Does 17 divide 2880667?
True
Is 8 a factor of 7044498?
False
Is 1540040 a multiple of 20?
True
Is 332728 a multiple of 398?
True
Is 11 a factor of 2291244?
False
Is 250 a factor of 211244?
False
Does 107 divide 4922?
True
Is 4204832 a multiple of 51?
False
Does 258 divide 93077?
False
Does 33 divide 6834141?
False
Does 9 divide 322938?
True
Is 14 a factor of 49541?
False
Does 4 divide 1247172?
True
Is 18 a factor of 5635494?
True
Does 23 divide 582567?
True
Is 186 a factor of 171405?
False
Is 239 a factor of 1524676?
False
Is 809940 a multiple of 15?
True
Is 2407 a factor of 26347022?
True
Is 25444 a multiple of 16?
False
Is 13 a factor of 10465598?
True
Is 8010 a multiple of 18?
True
Is 833741 a multiple of 8?
False
Does 1717 divide 16805794?
False
Does 1236 divide 14579830?
False
Does 2100 divide 3759000?
True
Is 318978 a multiple of 301?
False
Is 50 a factor of 1009150?
True
Is 26 a factor of 261664?
True
Is 166845 a multiple of 3?
True
Does 75 divide 136200?
True
Does 144 divide 10614042?
False
Is 769812 a multiple of 459?
False
Does 351 divide 3176199?
True
Is 210132 a multiple of 471?
False
Is 339274 a multiple of 26?
True
Is 89769 a multiple of 8?
False
Is 98519 a multiple of 50?
False
Is 1102800 a multiple of 200?
True
Does 997 divide 6311010?
True
Is 9 a factor of 89919?
True
Does 52 divide 437245?
False
Is 83743 a multiple of 95?
False
Does 1004 divide 2530272?
False
Does 5 divide 655625?
True
Does 60 divide 1123770?
False
Is 520 a factor of 46616?
False
Is 70 a factor of 305900?
True
Is 136 a factor of 804429?
False
Is 2459111 a multiple of 15?
False
Is 3 a factor of 183909?
True
Is 2602581 a multiple of 51?
True
Is 14739738 a multiple of 101?
True
Is 56990 a multiple of 67?
False
Does 52 divide 10132200?
True
Is 3135793 a multiple of 626?
False
Is 9 a factor of 374862?
False
Does 248 divide 57288?
True
Does 9 divide 757897?
False
Does 151 divide 4932?
False
Does 8 divide 2943072?
True
Is 1649608 a multiple of 108?
False
Is 2235840 a multiple of 192?
True
Does 335 divide 222524?
False
Does 36 divide 28964?
False
Is 974504 a multiple of 4?
True
Is 360604 a multiple of 17?
True
Is 958623 a multiple of 75?
False
Is 170289 a multiple of 17?
True
Does 104 divide 20592?
True
Does 247 divide 1951442?
False
Does 284 divide 1657219?
False
Is 217743 a multiple of 42?
False
Is 2991657 a multiple of 49?
False
Is 41666 a multiple of 83?
True
Is 32 a factor of 43359?
False
Is 7782566 a multiple of 66?
False
Does 17 divide 306414?
False
Is 204 a factor of 2532713?
False
Does 200 divide 1674800?
True
Is 137 a factor of 468419?
False
Is 21 a factor of 281778?
True
Does 665 divide 26471?
False
Does 371 divide 2678620?
True
Is 11 a factor of 50017?
True
Does 68 divide 63577?
False
Is 108 a factor of 2090195?
False
Does 1778 divide 31068689?
False
Is 177925 a multiple of 425?
False
Does 8 divide 2960600?
True
Does 225 divide 494775?
True
Does 17 divide 2601644?
False
Does 173 divide 834617?
False
Is 4286303 a multiple of 7?
True
Is 397095 a multiple of 18?
False
Does 43 divide 1008321?
False
Does 672 divide 23637056?
False
Is 3 a factor of 1318747?
False
Is 28 a factor of 4904228?
True
Does 12 divide 579300?
True
Does 500 divide 13337639?
False
Is 8 a factor of 337007?
False
Is 15 a factor of 941010?
True
Is 639312 a multiple of 188?
False
Is 1209797 a multiple of 293?
True
Is 27 a factor of 930382?
False
Is 10 a factor of 73650?
True
Is 400873 a multiple of 14?
False
Does 30 divide 114995?
False
Does 15 divide 7393425?
True
Is 319842 a multiple of 22?
False
Does 10 divide 905620?
True
Is 592 a factor of 696192?
True
Is 7 a factor of 3290637?
True
Is 29304 a multiple of 24?
True
Is 23131 a multiple of 292?
False
Does 300 divide 13757387?
False
Is 569904 a multiple of 31?
True
Is 409 a factor of 837020?
False
Does 498 divide 226375?
False
Is 1522105 a multiple of 17?
False
Is 239 a factor of 1795846?
True
Is 3365546 a multiple of 314?
False
Is 11 a factor of 233236?
False
Is 5 a factor of 401078?
False
Is 7108214 a multiple of 4?
False
Is 162 a factor of 75330?
True
Does 40 divide 7421989?
False
Is 34 a factor of 238229?
False
Is 14 a factor of 171435?
False
Is 9 a factor of 3653064?
True
Is 3577041 a multiple of 117?
True
Is 370192 a multiple of 17?
True
Does 318 divide 690634?
False
Is 50 a factor of 18950?
True
Is 37 a factor of 48298?
False
Is 68 a factor of 2369153?
False
Is 23226 a multiple of 6?
True
Is 1189 a factor of 3817879?
True
Does 155 divide 172515?
True
Does 422 divide 349995?
False
Is 238478 a multiple of 18?
False
Is 167 a factor of 22044?
True
Is 289978 a multiple of 156?
False
Is 3948904 a multiple of 248?
True
Does 127 divide 3009712?
False
Does 23 divide 1774197?
True
Does 335 divide 5641136?
False
Is 249990 a multiple of 130?
True
Does 261 divide 10121841?
True
Is 15 a factor of 2184885?
True
Does 39 divide 40087?
False
Is 9 a factor of 127828?
False
Is 11 a factor of 8162?
True
Does 39 divide 3634800?
True
Does 44 divide 1765676?
True
Is 260 a factor of 79696?
False
Does 6 divide 721871?
False
Is 2641321 a multiple of 351?
False
Is 135 a factor of 1613668?
False
Is 9345 a multiple of 28?
False
Does 127 divide 2252345?
True
Does 1602 divide 12312972?
True
Does 21 divide 2079210?
True
Does 340 divide 722500?
True
Does 36 divide 482580?
True
Does 14 divide 124207?
False
Does 15 divide 133049?
False
Is 26374 a multiple of 18?
False
Is 1518692 a multiple of 30?
False
Does 1574 divide 9629880?
False
Is 34 a factor of 26676?
False
Is 17 a factor of 216636?
False
Is 5775 a multiple of 22?
False
Does 281 divide 9822649?
False
Does 20 divide 28765?
False
Is 2 a factor of 661363?
False
Is 386303 a multiple of 97?
False
Is 7624243 a multiple of 11?
True
Does 10 divide 5910?
True
Is 2 a factor of 53609?
False
Is 12 a factor of 114484?
False
Does 19 divide 1318618?
False
Is 632576 a multiple of 8?
True
Does 23 divide 3337882?
False
Is 387 a factor of 2160301?
False
Is 364 a factor of 93548?
True
Is 10 a factor of 20873751?
False
Is 9845244 a multiple of 450?
False
Is 834570 a multiple of 90?
True
Does 83 divide 1014758?
True
Does 32 divide 58112?
True
Is 1625900 a multiple of 20?
True
Is 31 a factor of 164060?
False
Is 1109394 a multiple of 33?
True
Does 11 divide 7128?
True
Does 15 divide 36372?
Fal